
In base 6, what is -3 + -211?
-214
In base 15, what is 2aa - -2?
2ac
In base 6, what is 204 - -1003?
1211
In base 8, what is -60 + 1?
-57
In base 11, what is 310 + -5?
306
In base 12, what is -5 + -3b3?
-3b8
In base 16, what is 10 - 49?
-39
In base 13, what is 14a - 63?
b7
In base 9, what is -26 + 51?
24
In base 12, what is 16 - -2?
18
In base 16, what is 5 - -19e?
1a3
In base 13, what is 29 - 1?
28
In base 16, what is 44f - 2?
44d
In base 9, what is 462 - 0?
462
In base 10, what is 7 + -423?
-416
In base 10, what is -5 + 50?
45
In base 8, what is -4 - 31?
-35
In base 6, what is 5 - 3320?
-3311
In base 9, what is -18 - -155?
136
In base 6, what is 132 + 3?
135
In base 3, what is -11 - -220222?
220211
In base 11, what is 120 - -77?
197
In base 5, what is 1001 + 312?
1313
In base 6, what is -1042 + -2?
-1044
In base 5, what is 44 + 0?
44
In base 4, what is -233012 - -11?
-233001
In base 6, what is -100 + 10?
-50
In base 6, what is -15 + -141?
-200
In base 3, what is -1202 + 11?
-1121
In base 14, what is -4 - 18?
-1c
In base 6, what is -45 + 0?
-45
In base 5, what is -304430 + -10?
-304440
In base 10, what is 35 - 8?
27
In base 10, what is 1 + 556?
557
In base 6, what is -10 + -24?
-34
In base 12, what is -3 + -5a82?
-5a85
In base 15, what is -12 - 18?
-2a
In base 13, what is 8 + 0?
8
In base 5, what is -4 + -1?
-10
In base 14, what is -4c - 20?
-6c
In base 15, what is -5 + 8b?
86
In base 8, what is -2 - -46?
44
In base 3, what is 22 + 1220122?
1220221
In base 7, what is -52 + 123?
41
In base 12, what is 5 - 1973?
-196a
In base 13, what is -b87 - 5?
-b8c
In base 8, what is -5 + 14654?
14647
In base 14, what is c - -16?
24
In base 13, what is 1 + 28?
29
In base 10, what is 476 + 2?
478
In base 11, what is 2 + -409?
-407
In base 9, what is -273 - -10?
-263
In base 13, what is -4 + -c0?
-c4
In base 11, what is -209 + -3?
-211
In base 7, what is -33 + -1?
-34
In base 11, what is 2 - -180?
182
In base 5, what is -10 - 11113?
-11123
In base 6, what is 4 + 20100?
20104
In base 9, what is 645 + -13?
632
In base 4, what is -3 - 131320?
-131323
In base 5, what is -3 - 211?
-214
In base 11, what is -10 + -4?
-14
In base 7, what is 33 - 125?
-62
In base 14, what is 11b9 + 1?
11ba
In base 11, what is -5 - -860?
856
In base 2, what is 100100 - -110?
101010
In base 6, what is 30 + 20?
50
In base 9, what is -160 + -2?
-162
In base 11, what is -5 - 93?
-98
In base 6, what is -3 - 101124?
-101131
In base 12, what is -4624 + -5?
-4629
In base 9, what is -20 + 56?
36
In base 10, what is 0 - -292?
292
In base 12, what is 1 + -42?
-41
In base 10, what is 4 + 1608?
1612
In base 13, what is -36 + 243?
20a
In base 10, what is -389 - 0?
-389
In base 16, what is a + -2e?
-24
In base 8, what is 12 - 11?
1
In base 13, what is -2 + -86?
-88
In base 8, what is 16 + -1521?
-1503
In base 15, what is 3 - -a1?
a4
In base 14, what is -9 - 22?
-2b
In base 5, what is -20100 + -22?
-20122
In base 6, what is 10122 - 5?
10113
In base 13, what is -30 - 101?
-131
In base 8, what is 145 + 0?
145
In base 16, what is -5 + 2a?
25
In base 8, what is -13 - 1?
-14
In base 4, what is -3 - 2333?
-3002
In base 5, what is 43 + 110?
203
In base 10, what is 20 - 6?
14
In base 6, what is -2 + -5111?
-5113
In base 15, what is -329 + -4?
-32d
In base 15, what is 99 - -87?
131
In base 5, what is -2142 - -4?
-2133
In base 11, what is -8 + 2a?
22
In base 5, what is 201 - -1?
202
In base 6, what is -3 - -344?
341
In base 4, what is -1 + -23102?
-23103
In base 15, what is cc4 + -1?
cc3
In base 7, what is -5 + 1644?
1636
In base 7, what is 3113 - 2?
3111
In base 10, what is 6 + 90?
96
In base 5, what is -21 + 1203?
1132
In base 13, what is -7a + -4?
-81
In base 4, what is -312020 - -10?
-312010
In base 13, what is 11a - -5?
122
In base 11, what is a1 - -3?
a4
In base 6, what is 20441 - 1?
20440
In base 4, what is 0 + 1323?
1323
In base 5, what is -31 + -102?
-133
In base 10, what is 2964 - 2?
2962
In base 16, what is -3f + -3?
-42
In base 4, what is 10 - -11?
21
In base 5, what is -3 + 1140?
1132
In base 5, what is -14302 - 3?
-14310
In base 4, what is 3 - -3?
12
In base 14, what is -c9 + -3?
-cc
In base 11, what is 0 + -12?
-12
In base 5, what is 1 - 44341?
-44340
In base 8, what is 0 + 2046?
2046
In base 12, what is -4 + a3?
9b
In base 11, what is 5 - -818?
822
In base 5, what is -1 - -103?
102
In base 6, what is 152 + 5?
201
In base 11, what is 1 + 586?
587
In base 11, what is -447 - 0?
-447
In base 7, what is 2 - -2?
4
In base 12, what is -1 + -44?
-45
In base 15, what is -7 - -43?
3b
In base 10, what is 756 - 3?
753
In base 2, what is -11000011 - 10?
-11000101
In base 8, what is -2110 + 1?
-2107
In base 15, what is -4 - -102?
ed
In base 13, what is 5 - -15?
1a
In base 4, what is 10 - -2021?
2031
In base 5, what is 112 - 10?
102
In base 2, what is -100 + 1011?
111
In base 14, what is -2 + -30?
-32
In base 5, what is 0 - -102103?
102103
In base 9, what is -518 - -16?
-502
In base 16, what is 3 - -a9c?
a9f
In base 13, what is 4 + -38?
-34
In base 8, what is 756 - 3?
753
In base 14, what is 28 + 5?
2d
In base 12, what is 33 + -4?
2b
In base 3, what is 112 - -10020?
10202
In base 14, what is -2ca + 5?
-2c5
In base 16, what is e + -52?
-44
In base 11, what is -1 + 4a?
49
In base 15, what is -8 - 2a?
-33
In base 9, what is -252 - 1?
-253
In base 4, what is -23302 + 33?
-23203
In base 7, what is 5 + -162?
-154
In base 15, what is -dee + -5?
-e04
In base 3, what is -202 - -22?
-110
In base 6, what is -31 + 133?
102
In base 3, what is 20111021 - -10?
20111101
In base 13, what is 18 + -b?
a
In base 10, what is 105 - -2?
107
In base 13, what is -2c + 4?
-28
In base 7, what is -4 + 10511?
10504
In base 10, what is 4 - 2602?
-2598
In base 9, what is 5 + -3758?
-3753
In base 13, what is 2 - -130?
132
In base 5, what is 1114 - -41?
1210
In base 4, what is -333313 - 3?
-333322
In base 14, what is -b + -56?
-63
In base 2, what is -110110 + -10?
-111000
In base 12, what is 296 + 0?
296
In base 5, what is 134 - 10?
124
In base 8, what is -2 + 11353?
11351
In base 4, what is 3 - 120?
-111
In base 3, what is -2110 + -20?
-2200
In base 10, what is -1 + -3?
-4
In base 12, what is 4 - -2655?
2659
In base 7, what is 215 - -20?
235
In base 2, what is 101 - 10111100010?
-10111011101
In base 6, what is 132 - 33?
55
In base 4, what is -100 + -1113?
-1213
In base 8, what is 1406 + 1?
1407
In base 6, what is 312 + 31?
343
In base 12, what is b - 7?
4
In base 8, what is -324 + -2?
-326
In base 7, what is -5 + 352?
344
In base 9, what is 1 + 164?
165
In base 7, what is -2 - 4?
-6
In base 9, what is 2 - -56?
58
In base 7, what is 2 - -265?
300
In base 10, what is -5 + 94?
89
In base 10, what is -2 - -5?
3
In base 11, what is -24 - -6?
-19
In base 6, what is 3 + -15?
-12
In base 12, what is -116 - 29?
-143
In base 14, what is 14 - 3?
11
In base 4, what is -1 + 100100?
100033
In base 10, what is 97 - 48?
49
In base 3, what is -10 - 120?
-200
In base 8, what is -3 - -243?
240
In base 12, what is 3 - -2313?
2316
In base 3, what is 1212 + 12?
2001
In base 6, what is 3 - -32?
35
In base 8, what is -23 - 2?
-25
In base 5, what is 1 + -103?
-102
In base 9, what is -234 + -2?
-236
In base 3, what is 121122 + 10?
121202
In base 7, what is 0 + 165?
165
In base 5, what is 332 + 244?
1131
In base 12, what is -1 + -317?
-318
In base 10, what is -3 - 17?
-20
In base 16, what is -1 + c6?
c5
In base 7, what is -4 + -22?
-26
In base 16, what is 1302 + 3?
1305
In base 7, what is 1143 + -12?
1131
In base 5, what is -1101 + 40?
-1011
In base 6, what is 1213 + 123?
1340
In base 9, what is 1 + 64?
65
In base 5, what is -4 + 21?
12
In base 2, what is 1010 - -10110101010?
10110110100
In base 16, what is -af - 4?
-b3
In base 11, what is -1267 - 5?
-1271
In base 12, what is -106a - -4?
-1066
In base 12, what is 5 - 2a6?
-2a1
In base 8, what is -124 + -62?
-206
In base 3, what is 101 - -1002012?
1002120
In base 4, what is 3 + -220311?
-220302
In base 16, what is -7 + 77?
70
In base 16, what is -bc8e - 1?
-bc8f
In base 4, what is 300 - 11?
223
In base 10, what is -299 - 1?
-300
In base 8, what is 20546 - 4?
20542
In base 9, what is 44 - -18?
63
In base 16, what is 4 - -4e?
52
In base 6, what is -23 - 10?
-33
In base 4, what is 12 + 0?
12
In base 16, what is -2 -